se j = -m + 9, 5*j - 13 = -3*m + 22. Let r(k) = k**2 - 5*k - 3. Let l be r(j). Let i(b) = -2*b - 6. List the prime factors of i(l).
2
Let v be (-1)/3 - 20/(-6). Suppose -5 = 2*b + 5, -v*n + 4*b = 10. Let c = 19 + n. List the prime factors of c.
3
Suppose -4*h + 4 = 3*b, -6*b - 16 = -2*b. Let x(m) = m + 9. Let r be x(-9). Suppose 5*l + r*l - 5 = 0, 0 = h*i - 3*l - 13. List the prime factors of i.
2
Suppose 3*l - 3*o = 24, -3*l + o + 0*o + 18 = 0. Suppose -2*i + s = -l*i + 137, -4*i + s + 185 = 0. List the prime factors of i.
2, 23
List the prime factors of (2/(-4))/(5/(-170)).
17
Suppose -u = 3*u. Suppose u*a = 4*a - 28. List the prime factors of a.
7
Let w = 78 - -262. What are the prime factors of w?
2, 5, 17
Let f be 7*(-1)/(-1) - 2. Suppose 4*l = -4*x - 4, x + 3 - 10 = -f*l. Suppose -6*z - l*d + 84 = -2*z, -3*z = -d - 58. What are the prime factors of z?
2, 5
Suppose 4*f - 4 = 0, -h - 4*h + 1593 = 3*f. What are the prime factors of h?
2, 3, 53
Let p(j) = 4*j - 9. What are the prime factors of p(8)?
23
Let q = -2 - -5. Suppose -q*v + 27 = -5*c + 7, c = -1. What are the prime factors of v?
5
Let p be (-94)/10 - (-2)/5. Let d(s) = -s**2 - 9*s + 10. List the prime factors of d(p).
2, 5
Suppose -4*y - 5*c = -16 - 14, 0 = 3*y + 3*c - 21. Suppose -v + 9 = -y. List the prime factors of v.
2, 7
Let m = 9 - 7. Suppose m*i = -3*v + 4*i + 24, -5*i = 0. Let n = -4 + v. List the prime factors of n.
2
Suppose 230 + 930 = 8*t. What are the prime factors of t?
5, 29
Suppose 2*q - 4*d - 70 = 0, 0 = 5*q - d + 6*d - 250. List the prime factors of q.
3, 5
Suppose 48*g = 50*g - 206. List the prime factors of g.
103
Let l(v) = 2*v**2 - 10*v + 7. Let t be l(7). Suppose -5*c + 50 = -t. List the prime factors of c.
17
Let y(u) = 20*u**2 + 14*u + u**3 + 17 - 18*u**2 - 17*u**2. What are the prime factors of y(14)?
17
Suppose 3*d = -2*x + 8, -4*d = -0*x - 5*x - 49. What are the prime factors of d?
2, 3
Let d = 10 + -2. What are the prime factors of (-622)/(-16) + 1/d?
3, 13
Suppose 2*f = -3*f + 15. Suppose -4 = -3*o + 8. Suppose o*b = -4*y + 20, -y - 5 = -2*y + f*b. What are the prime factors of y?
5
Let k(q) = -2*q**3 - 7*q**2 - 5*q - 4. Let s be k(-4). Let w = s + -11. What are the prime factors of w?
3, 7
Let u = -4 + 7. Suppose 0 = -d + 2 + u. Let z(t) = -t**2 + 7*t + 1. List the prime factors of z(d).
11
Suppose 56*y - 59*y = -414. List the prime factors of y.
2, 3, 23
Suppose 71 = u - 2*i, -5*i + 10 = -0. List the prime factors of u.
3, 5
Suppose 0*x - 3*x + 12 = 0. Suppose 0 = 2*m - 0 - x. What are the prime factors of (m + -13)*(2 - 3)?
11
Let w be (1 - -2) + (3 - 3). Let s(r) = r**2 - 2*r - 1. Let h be s(w). Suppose 42 = 3*g + h*x - 3, 5*g + 5*x = 75. What are the prime factors of g?
3, 5
Let t = 12 + -9. Suppose 21 = -r + 2*r + p, -37 = -r + t*p. Let k = r - 15. What are the prime factors of k?
2, 5
Let t(s) = s**3 + 13*s**2 + 19*s - 5. What are the prime factors of t(-11)?
2, 7
Let f = -53 - -22. Let n = f - -49. Suppose 0*g - g = 5*a - n, -a = -2*g + 3. List the prime factors of g.
3
Suppose -12 = 4*f - 72. Suppose -2*z = z - f, -36 = -3*d + 3*z. What are the prime factors of d?
17
Let x(u) = -2*u - 5. Suppose -m + 12 = 4*z, -2*m - 4*z = -3*m - 20. Let o be (-56)/12 - m/6. List the prime factors of x(o).
3
Let u(f) = -48*f**3 - 2*f**2 - 3*f - 2. Let z(m) = -2*m**2 + 1. Let g be z(-1). What are the prime factors of u(g)?
47
Let a(x) = x + 7. Let q be a(-6). Suppose -d - q = -3. Suppose z = -d, -r + 0*z = 3*z - 13. What are the prime factors of r?
19
Suppose 90 = 5*a - 45. What are the prime factors of a?
3
Let f be 14/4 - 2/(-4). Let a(o) = 10*o. Let u be a(1). Let b = u - f. List the prime factors of b.
2, 3
Let d = 7 + -5. List the prime factors of d.
2
Let h be -1 + 1 + -2 + 7. Suppose 2*j = h*o - 50 + 14, 2*j = -3*o + 12. What are the prime factors of (o/(-4))/((-4)/16)?
2, 3
Suppose -6*q + q = -240. What are the prime factors of q?
2, 3
Let x(v) = v**2 + 6*v + 4. Let l be 493/(-51) + 1/(-3). List the prime factors of x(l).
2, 11
Let v(b) = -2*b + 39. What are the prime factors of v(0)?
3, 13
Suppose 0*o - 8 = o. Let d be (-36)/(-8)*o/6. List the prime factors of ((-2)/(-3))/(d/(-45)).
5
Let r = 282 + -195. What are the prime factors of r?
3, 29
Let b = -32 + 48. Suppose -96 = -5*s - b. What are the prime factors of s?
2
Let b = -4 + 7. Let z be 13/b - 3/9. Suppose p = z, 3*c + 4*p = p + 60. List the prime factors of c.
2
Suppose 5*p = 2*p - 39. What are the prime factors of (-2)/(2 + p/6)?
2, 3
Let w(x) = 2*x**3 - x**2 + 3*x - 2. Let r be w(3). Suppose -l = l - 3*b - r, -52 = -2*l - 2*b. Let k = l + -14. What are the prime factors of k?
2, 3
Suppose -3*w + 4*g + 4 = 0, w - 14 = -w - 3*g. Suppose 66 = 2*y + w*y. What are the prime factors of y?
11
Suppose 0 = -3*k - h + 3*h + 774, 4*k = 5*h + 1039. List the prime factors of k.
2
Let f = 2 + 2. Let z = f + -4. Suppose z*d + 33 = 3*d. List the prime factors of d.
11
Let g = -9 - -11. What are the prime factors of g?
2
Let f be 27 - 0*(-3)/(-6). Let a = -14 + f. What are the prime factors of a?
13
Let n(u) = u**3 - u**2. Let y be n(1). Let b be 6/15 - (-13)/5. Suppose 2*k + 3*k - 44 = -o, y = b*o + 2*k - 67. List the prime factors of o.
19
Suppose -4*f - l + 4 = -3*l, 0 = 4*f - 5*l + 8. Suppose f*v + 7 - 1 = 0. Let t = 3 - v. What are the prime factors of t?
5
List the prime factors of (-4 + -70)*(-2)/4.
37
Suppose -3*h = h + 52. What are the prime factors of 3*(-4 - (h - 2))?
3, 11
Suppose -2*b - 6 = 3*m, 0 = m + m - b - 3. Suppose m = -0*v - v. Suppose 4*i + v*i - 28 = 0. What are the prime factors of i?
7
Let c = -104 + 254. List the prime factors of c.
2, 3, 5
Let a(k) = 13*k**3 + k**2. Suppose 4*g + 4*i = -0*i + 12, -3*g - i = -5. What are the prime factors of a(g)?
2, 7
Suppose 34 = o - 3*b + 7, 168 = 4*o + 3*b. List the prime factors of o.
3, 13
Suppose 5*m + 6 = 4*c - 3, 0 = -4*c + m + 21. What are the prime factors of c?
2, 3
Let c(y) = -8*y - 1 + 1 + 0. List the prime factors of c(-1).
2
Let t = 2 + 10. Suppose 3*s - 3*g - 18 = t, -s + 30 = 4*g. Suppose s = 3*z - 28. List the prime factors of z.
2, 7
List the prime factors of 1 - 3 - (-3 - 13).
2, 7
Suppose -3*t - 133 = 4*q, -6*t = -2*q - 2*t - 50. Let d = q - -61. Suppose 0 = -2*b + d + 4. What are the prime factors of b?
17
Let q = -6 + 41. List the prime factors of q.
5, 7
Suppose -q + s = -s, -2*s = q. Suppose i + 20 = -q*i. Let m = 32 + i. What are the prime factors of m?
2, 3
Let m = 67 - 16. List the prime factors of m.
3, 17
Let a = 7 - -1. Suppose -4*j + a = 4. What are the prime factors of -1 + j + 2 + 7?
3
Suppose -3*f - 9 = 3*v, -3*v = -2*f - 4*v - 4. Let w = -7 + f. Let z = w - -20. List the prime factors of z.
2, 3
Let t(k) = 3*k**2 - 2*k + 7. Let f be t(3). Let d(v) = -v**2 + 5*v + 4. Let x be d(5). Suppose -2*r + f = x. What are the prime factors of r?
2, 3
Let a = -58 - -116. What are the prime factors of a/8 - (-3)/(-12)?
7
Let j = 41 + -7. What are the prime factors of j?
2, 17
Let o = -9 - -9. Suppose -3*h + 4*p - 1 + 33 = o, -40 = -4*h + 4*p. List the prime factors of h.
2
Suppose 13 = -10*f + 2653. What are the prime factors of f?
2, 3, 11
Suppose -2*g + 3 = -1, -3*s + 10 = 2*g. List the prime factors of (-378)/(-12) + (-1)/s.
31
Suppose -1 = -2*j + 7. Suppose -5*q = -4*q - j*b - 13, 3*q - 7 = -4*b. Suppose 0 = q*t + 9 - 34. What are the prime factors of t?
5
Suppose 4*s - 13 = -4*c + 7, -3*s - 2*c = -12. Suppose 2*l = -4*n + 22, 5*l - 3*n - n - 13 = 0. Let o = l - s. List the prime factors of o.
3
Let o be (-2 - -2 - 0)/2. Let t = o + 5. List the prime factors of t.
5
Let s(j) = j**3 - 3*j**2 + 2*j + 2. Suppose -3*b - 2*b = -10. Let l be s(b). Suppose -l*p - 3*p = -45. List the prime factors of p.
3
Suppose 4*h = 5*p - p - 16, 2 = 2*p + 4*h. Let b be 340/35 + (-2)/(-7). Suppose -b = -p*d + 14. What are the prime factors of d?
2
Let a be (-9)/(-4) - 1/4. Let l(t) = 5*t - 9. Let v(z) = -2*z + 5. Let c(p) = 3*l(p) + 5*v(p). What are the prime factors of c(a)?
2
Let t = 3 + 5. List the prime factors of t.
2
Let t(h) = 3 - 4 - 2 - h**2 + 10*h. What are the prime factors of t(8)?
13
Let l = -4 + 3. Let v be (-2 - -2) + 1 + l. Suppose 2*o - 6 = -v*o. What are the prime factors of o?
3
Let o be 32/(-6) - 6/9. Let y = 0 - o. Wha